highest common divisor of 5447 and 192751.
13
What is the highest common divisor of 623 and 65157078?
623
Calculate the highest common divisor of 9150988 and 962.
74
Calculate the highest common divisor of 4120877 and 79.
79
Calculate the greatest common divisor of 256 and 1490199680.
128
What is the highest common factor of 70110 and 827830?
190
What is the highest common factor of 40157 and 28424978?
3089
What is the highest common divisor of 5624 and 26744?
8
Calculate the highest common divisor of 681095 and 19690.
895
What is the greatest common divisor of 10296 and 46428408?
936
Calculate the greatest common factor of 235 and 26328883.
47
Calculate the highest common divisor of 1460491 and 2725.
109
Calculate the greatest common divisor of 783 and 12209.
29
Calculate the highest common divisor of 8741740 and 5.
5
Calculate the greatest common divisor of 10144 and 85336400.
5072
What is the greatest common divisor of 1384886 and 1?
1
Calculate the highest common factor of 260 and 31815940.
260
Calculate the highest common divisor of 199476 and 20.
4
What is the greatest common divisor of 457232722 and 20042?
1822
What is the greatest common divisor of 112 and 325113208?
56
What is the greatest common divisor of 1 and 766651?
1
Calculate the highest common divisor of 24 and 5653104.
24
What is the greatest common divisor of 108900 and 2848725?
2475
Calculate the greatest common divisor of 4098411 and 1377.
459
What is the greatest common divisor of 2282234 and 370?
74
What is the greatest common divisor of 54 and 133509897?
27
What is the greatest common factor of 1906839 and 1161?
9
What is the highest common factor of 143 and 53787175?
13
Calculate the greatest common divisor of 1148 and 60561424.
28
What is the highest common divisor of 3144 and 1503356?
524
Calculate the highest common divisor of 4908 and 25356.
12
What is the highest common factor of 345 and 8519775?
345
What is the greatest common factor of 914 and 1616409?
457
What is the highest common factor of 92785 and 11803?
11
Calculate the highest common divisor of 1176240234 and 408.
102
Calculate the highest common divisor of 134669860 and 2470.
130
What is the highest common factor of 1160 and 284617890?
290
What is the highest common factor of 182924 and 4608632?
1316
Calculate the highest common factor of 2599966 and 33350.
1334
Calculate the greatest common divisor of 119893933 and 57.
19
What is the highest common divisor of 216 and 4200732?
36
What is the greatest common factor of 2084656 and 5390?
98
What is the greatest common divisor of 191159982 and 1665?
333
What is the greatest common divisor of 540225 and 1050?
525
Calculate the greatest common factor of 371558 and 284064.
22
Calculate the highest common factor of 69411 and 122.
1
What is the highest common divisor of 22117564 and 8288?
1036
What is the greatest common divisor of 41248 and 2267296?
32
Calculate the highest common divisor of 92 and 237468284.
92
What is the greatest common divisor of 3496 and 4807874?
874
Calculate the highest common divisor of 1338 and 3836938.
446
Calculate the greatest common divisor of 94856437 and 13.
13
What is the greatest common factor of 932 and 218479906?
466
Calculate the highest common factor of 788966 and 4520.
226
What is the highest common divisor of 19446 and 13570067?
3241
Calculate the greatest common divisor of 480943 and 19.
1
Calculate the highest common divisor of 129265 and 87550.
515
Calculate the greatest common factor of 721901517 and 674.
337
What is the greatest common factor of 4211 and 20773?
1
What is the highest common divisor of 336 and 176074896?
48
What is the highest common divisor of 4116959 and 13589?
127
What is the greatest common factor of 268871 and 528161?
67
What is the greatest common factor of 4320536 and 1276?
1276
What is the greatest common factor of 2317551298 and 29?
29
What is the highest common factor of 10309794 and 14322?
2046
Calculate the greatest common factor of 25888466 and 9820.
982
Calculate the greatest common divisor of 120 and 111343032.
24
What is the greatest common divisor of 172326 and 2702?
14
What is the highest common divisor of 164616513 and 26144?
817
What is the greatest common factor of 3484397 and 1596?
7
Calculate the greatest common divisor of 109235 and 1049755.
35
Calculate the greatest common divisor of 3076276 and 140.
28
Calculate the highest common divisor of 11032 and 1134.
14
Calculate the highest common factor of 136 and 18626728.
8
What is the greatest common factor of 13 and 15611479?
13
What is the greatest common factor of 117600 and 4861024?
224
Calculate the greatest common factor of 78351 and 75153.
1599
What is the highest common factor of 7528 and 106136?
8
Calculate the highest common divisor of 36416 and 343424.
64
What is the greatest common factor of 357662370 and 390?
390
What is the greatest common factor of 12502 and 85063?
19
What is the greatest common divisor of 1737567 and 559?
13
Calculate the highest common factor of 578 and 6956519.
289
Calculate the greatest common factor of 11485058 and 19942.
1534
Calculate the greatest common divisor of 1049000 and 7000.
1000
What is the greatest common divisor of 3850 and 3922600?
550
Calculate the highest common divisor of 261369 and 460701.
1017
What is the greatest common factor of 314387318 and 1043?
1043
What is the greatest common divisor of 21212290 and 20?
10
Calculate the highest common divisor of 2580 and 53848980.
60
What is the highest common factor of 275100573 and 2409?
2409
Calculate the highest common divisor of 89176 and 26696.
568
Calculate the greatest common factor of 8651715 and 116.
29
Calculate the highest common divisor of 40 and 162610010.
10
What is the greatest common divisor of 2118 and 20960081?
353
Calculate the highest common factor of 1218 and 1306247.
29
What is the highest common divisor of 269115 and 12180?
105
What is the highest common divisor of 362 and 9002?
2
What is the greatest common divisor of 406 and 3652698?
14
Calculate the greatest common divisor of 166566 and 48138.
426
Calculate the highest common divisor of 2975 and 226712.
17
What is the highest common factor of 3680 and 9375904?
736
What is the highest common factor of 24338 and 294886?
566
What is the greatest common factor of 114 and 28691786?
38
What is the greatest common divisor of 8160 and 440740?
20
What is the highest common divisor of 137072 and 21790494?
1318
Calculate the greatest common factor of 19750 and 70149630.
790
Calculate the highest common divisor of 2191223 and 632.
79
What is the highest common factor of 288 and 16320?
96
What is the highest common factor of 273840 and 67152?
48
Calculate the greatest common factor of 151342 and 1178.
62
What is the greatest common divisor of 11650377 and 102?
3
Calculate the greatest common factor of 2581 and 2206577.
89
Calculate the highest common factor of 1577 and 371412.
19
What is the greatest common divisor of 549715138 and 65652?
10942
What is the greatest common divisor of 6525 and 43818246?
261
Calculate the highest common factor of 11668850 and 14250.
950
What is the greatest common factor of 354 and 54626802?
354
What is the highest common factor of 1287 and 5250531?
429
What is the greatest common divisor of 1078 and 816761792?
1078
What is the greatest common factor of 24647535 and 9570?
4785
Calculate the greatest common factor of 10428 and 213221.
79
Calculate the greatest common divisor of 1376143 and 3077.
181
Calculate the highest common factor of 3417190 and 350.
70
What is the highest common factor of 3701368 and 5786?
22
What is the greatest common factor of 1618256 and 80?
16
Calculate the greatest common divisor of 91800306 and 27495.
5499
What is the greatest common factor of 43772160 and 640?
640
What is the highest common factor of 1422 and 79252326?
1422
What is the highest common factor of 48625682 and 11536?
1442
Calculate the highest common factor of 104 and 19472008.
8
What is the greatest common divisor of 38043705 and 2040?
255
What is the highest common factor of 30413 and 56605749?
1789
Calculate the highest common divisor of 3757 and 1750541.
221
Calculate the greatest common divisor of 101346 and 6858.
762
What is the greatest com